n divisor of 98 and 4655?
49
What is the highest common factor of 135 and 81?
27
What is the greatest common divisor of 220 and 40?
20
Calculate the highest common divisor of 132 and 11748.
132
Calculate the greatest common divisor of 336 and 714.
42
Calculate the highest common divisor of 594 and 3402.
54
What is the highest common factor of 38 and 3743?
19
Calculate the greatest common factor of 50 and 3950.
50
What is the greatest common divisor of 153 and 17?
17
Calculate the highest common factor of 890 and 170.
10
What is the greatest common factor of 20 and 95?
5
Calculate the highest common divisor of 3 and 291.
3
What is the greatest common factor of 1495 and 130?
65
What is the greatest common factor of 1862 and 14?
14
What is the highest common factor of 4171 and 86?
43
Calculate the greatest common divisor of 670 and 70.
10
What is the greatest common divisor of 390 and 22685?
65
Calculate the greatest common factor of 8080 and 16.
16
Calculate the highest common factor of 78 and 819.
39
What is the greatest common divisor of 500 and 20?
20
What is the greatest common divisor of 5 and 2615?
5
What is the highest common factor of 18 and 456?
6
Calculate the highest common factor of 1183 and 91.
91
Calculate the greatest common divisor of 113 and 3051.
113
Calculate the greatest common divisor of 188 and 10199.
47
What is the greatest common factor of 1419 and 2112?
33
Calculate the highest common divisor of 468 and 72.
36
Calculate the highest common divisor of 59 and 531.
59
What is the highest common divisor of 228 and 408?
12
What is the highest common factor of 624 and 78?
78
Calculate the highest common factor of 8901 and 621.
207
What is the greatest common factor of 45 and 7515?
45
What is the highest common divisor of 8528 and 41?
41
Calculate the greatest common divisor of 24 and 48.
24
Calculate the highest common factor of 62 and 7750.
62
What is the greatest common divisor of 93 and 1581?
93
What is the highest common divisor of 176 and 77?
11
What is the greatest common divisor of 8267 and 63?
7
Calculate the greatest common factor of 63 and 549.
9
What is the highest common divisor of 47603 and 526?
263
What is the highest common divisor of 304 and 19?
19
Calculate the greatest common divisor of 2990 and 130.
130
Calculate the greatest common factor of 1785 and 4590.
255
Calculate the highest common divisor of 105 and 70.
35
Calculate the highest common divisor of 3237 and 39.
39
Calculate the highest common factor of 272 and 480.
16
Calculate the greatest common factor of 60 and 1590.
30
What is the greatest common divisor of 10 and 1730?
10
Calculate the highest common divisor of 84 and 483.
21
What is the greatest common divisor of 47 and 1927?
47
What is the highest common divisor of 515 and 5?
5
Calculate the highest common divisor of 5085 and 226.
113
What is the highest common divisor of 26 and 234?
26
What is the highest common factor of 725 and 100?
25
Calculate the highest common factor of 90 and 2880.
90
What is the highest common factor of 11 and 1243?
11
Calculate the highest common divisor of 140 and 189.
7
What is the highest common divisor of 39 and 1157?
13
What is the greatest common factor of 5376 and 16?
16
Calculate the greatest common factor of 1295 and 77.
7
What is the highest common factor of 2249 and 39?
13
What is the greatest common factor of 2260 and 120?
20
What is the greatest common factor of 219 and 6?
3
What is the highest common divisor of 2981 and 55?
11
What is the highest common divisor of 46164 and 12?
12
Calculate the highest common divisor of 80 and 12.
4
What is the highest common divisor of 88 and 4048?
88
Calculate the highest common factor of 2327 and 26.
13
Calculate the greatest common divisor of 2167 and 11.
11
What is the greatest common divisor of 78 and 3159?
39
Calculate the greatest common factor of 513 and 19.
19
What is the highest common factor of 50 and 8?
2
Calculate the greatest common factor of 295 and 177.
59
What is the highest common divisor of 127 and 5969?
127
What is the greatest common divisor of 2073 and 3?
3
What is the highest common factor of 13044 and 60?
12
Calculate the highest common divisor of 8 and 776.
8
What is the highest common divisor of 60 and 1880?
20
What is the greatest common factor of 4 and 6?
2
Calculate the greatest common divisor of 115 and 7705.
115
What is the highest common factor of 156 and 221?
13
Calculate the highest common divisor of 4410 and 90.
90
What is the highest common factor of 112 and 80?
16
Calculate the highest common divisor of 1678 and 12.
2
What is the highest common divisor of 33 and 1089?
33
What is the greatest common factor of 1332 and 180?
36
Calculate the highest common divisor of 136 and 17.
17
Calculate the highest common factor of 72 and 36264.
24
Calculate the greatest common factor of 121 and 209.
11
Calculate the highest common divisor of 102 and 6.
6
What is the greatest common factor of 697 and 1271?
41
What is the highest common factor of 1420 and 5396?
284
Calculate the greatest common divisor of 42672 and 21.
21
Calculate the greatest common divisor of 364 and 156.
52
Calculate the highest common factor of 780 and 1310.
10
Calculate the greatest common factor of 2758 and 378.
14
What is the highest common factor of 70 and 1890?
70
What is the highest common divisor of 2592 and 6264?
216
Calculate the greatest common divisor of 16 and 688.
16
Calculate the greatest common divisor of 20 and 172.
4
What is the greatest common divisor of 6714 and 72?
18
Calculate the greatest common factor of 69 and 1035.
69
Calculate the greatest common divisor of 696 and 28304.
232
Calculate the greatest common divisor of 120 and 3880.
40
Calculate the greatest common factor of 53 and 848.
53
Calculate the highest common factor of 1071 and 441.
63
Calculate the greatest common factor of 16 and 112.
16
Calculate the greatest common factor of 315 and 10.
5
What is the highest common divisor of 810 and 990?
90
Calculate the highest common divisor of 40 and 10280.
40
Calculate the greatest common factor of 575 and 175.
25
What is the greatest common factor of 12072 and 8?
8
Calculate the highest common factor of 621 and 5727.
69
Calculate the highest common factor of 400 and 32.
16
What is the highest common divisor of 962 and 74?
74
What is the greatest common factor of 102 and 306?
102
What is the highest common divisor of 26 and 806?
26
Calculate the greatest common divisor of 256 and 28.
4
Calculate the greatest common divisor of 2756 and 52.
52
Calculate the highest common factor of 143 and 275.
11
Calculate the greatest common divisor of 1267 and 8145.
181
What is the highest common factor of 154 and 110?
22
What is the highest common divisor of 839 and 1?
1
Calculate the highest common factor of 111 and 444.
111
What is the greatest common factor of 462 and 1722?
42
What is the greatest common divisor of 104 and 572?
52
Calculate the highest common divisor of 9261 and 189.
189
Calculate the greatest common divisor of 13464 and 153.
153
Calculate the greatest common divisor of 2147 and 113.
113
Calculate the highest common divisor of 12 and 266.
2
What is the highest common divisor of 30 and 855?
15
Calculate the greatest common factor of 850 and 34.
34
What is the greatest common divisor of 74 and 4107?
37
Calculate the greatest common factor of 53718 and 42.
42
What is the highest common factor of 186 and 1209?
93
Calculate the greatest common divisor of 672 and 42.
42
Calculate the highest common divisor of 1955 and 85.
85
What is the highest common divisor of 47 and 752?
47
Calculate the highest common factor of 9648 and 12.
12
Calculate the greatest common factor of 8 and 100.
4
Calculate the highest common factor of 24 and 1656.
24
Calculate the highest common divisor of 40 and 1160.
40
What is the highest common factor of 7 and 161?
7
Calculate the greatest common factor of 219 and 237.
3
Calculate the highest common factor of 168 and 12.
12
What is the highest common divisor of 338 and 78?
26
Calculate the greatest common divisor of 135 and 774.
9
What is the highest common factor of 1854 and 18?
18
What is the highest common factor of 14931 and 54?
27
Calculate the highest common divisor of 217